{"id":1815,"date":"2024-10-29T09:14:52","date_gmt":"2024-10-29T08:14:52","guid":{"rendered":"https:\/\/mesfrienddisent.com\/?page_id=1815"},"modified":"2026-01-18T17:24:33","modified_gmt":"2026-01-18T16:24:33","slug":"professionnels","status":"publish","type":"page","link":"https:\/\/mesfrienddisent.com\/?page_id=1815","title":{"rendered":"PROFESSIONNELS"},"content":{"rendered":"\t\t<div data-elementor-type=\"wp-page\" data-elementor-id=\"1815\" class=\"elementor elementor-1815\">\n\t\t\t\t<div class=\"elementor-element elementor-element-2966781 e-flex e-con-boxed e-con e-parent\" data-id=\"2966781\" data-element_type=\"container\" data-e-type=\"container\" data-settings=\"{&quot;background_background&quot;:&quot;classic&quot;}\">\n\t\t\t\t\t<div class=\"e-con-inner\">\n\t\t\t\t<div class=\"elementor-element elementor-element-5807bdc elementor-widget elementor-widget-shortcode\" data-id=\"5807bdc\" data-element_type=\"widget\" data-e-type=\"widget\" data-widget_type=\"shortcode.default\">\n\t\t\t\t<div class=\"elementor-widget-container\">\n\t\t\t\t\t\t\t<div class=\"elementor-shortcode\"><\/div>\n\t\t\t\t\t\t<\/div>\n\t\t\t\t<\/div>\n\t\t\t\t<div class=\"elementor-element elementor-element-ac3df81 elementor-widget elementor-widget-heading\" data-id=\"ac3df81\" data-element_type=\"widget\" data-e-type=\"widget\" data-widget_type=\"heading.default\">\n\t\t\t\t<div class=\"elementor-widget-container\">\n\t\t\t\t\t<h2 class=\"elementor-heading-title elementor-size-default\">PROFESSIONNEL<\/h2>\t\t\t\t<\/div>\n\t\t\t\t<\/div>\n\t\t\t\t\t<\/div>\n\t\t\t\t<\/div>\n\t\t<div class=\"elementor-element elementor-element-d1b018b e-flex e-con-boxed e-con e-parent\" data-id=\"d1b018b\" data-element_type=\"container\" data-e-type=\"container\" data-settings=\"{&quot;background_background&quot;:&quot;classic&quot;}\">\n\t\t\t\t\t<div class=\"e-con-inner\">\n\t\t<div class=\"elementor-element elementor-element-1fc8d42 e-con-full e-flex e-con e-child\" data-id=\"1fc8d42\" data-element_type=\"container\" data-e-type=\"container\">\n\t\t\t\t<div class=\"elementor-element elementor-element-b0b6f9f elementor-widget elementor-widget-heading\" data-id=\"b0b6f9f\" data-element_type=\"widget\" data-e-type=\"widget\" data-widget_type=\"heading.default\">\n\t\t\t\t<div class=\"elementor-widget-container\">\n\t\t\t\t\t<h2 class=\"elementor-heading-title elementor-size-default\">Introduction<\/h2>\t\t\t\t<\/div>\n\t\t\t\t<\/div>\n\t\t\t\t<div class=\"elementor-element elementor-element-9af0fc1 elementor-widget elementor-widget-text-editor\" data-id=\"9af0fc1\" data-element_type=\"widget\" data-e-type=\"widget\" data-widget_type=\"text-editor.default\">\n\t\t\t\t<div class=\"elementor-widget-container\">\n\t\t\t\t\t\t\t\t\t<p><span data-contrast=\"auto\">Offrez \u00e0 votre entreprise une touche gourmande et cr\u00e9ative.<\/span><span data-ccp-props=\"{}\">\u00a0<\/span><\/p><p><span data-contrast=\"auto\">Que ce soit pour un \u00e9v\u00e9nement professionnel, un s\u00e9minaire ou une activit\u00e9\u00a0de team\u00a0building, je mets mon expertise \u00e0 votre service pour imaginer des douceurs personnalis\u00e9es qui refl\u00e8tent votre image.<\/span><span data-ccp-props=\"{}\">\u00a0<\/span><\/p><p><span data-contrast=\"auto\">Ensemble, marquons les esprits avec des instants sucr\u00e9s sur mesure, pens\u00e9s pour s\u2019adapter \u00e0 vos besoins et \u00e0 vos valeurs.<\/span><span data-ccp-props=\"{}\">\u00a0<\/span><\/p><p><span data-contrast=\"auto\">Je suis \u00e0 votre \u00e9coute\u00a0<\/span><\/p>\t\t\t\t\t\t\t\t<\/div>\n\t\t\t\t<\/div>\n\t\t\t\t<div class=\"elementor-element elementor-element-914fe81 elementor-widget elementor-widget-image\" data-id=\"914fe81\" data-element_type=\"widget\" data-e-type=\"widget\" data-widget_type=\"image.default\">\n\t\t\t\t<div class=\"elementor-widget-container\">\n\t\t\t\t\t\t\t\t\t\t\t\t\t\t\t<img fetchpriority=\"high\" decoding=\"async\" width=\"1024\" height=\"745\" src=\"https:\/\/mesfrienddisent.com\/wp-content\/uploads\/2024\/10\/Mes-friend-disent-noir-cercle--1024x745.png\" class=\"attachment-large size-large wp-image-1937\" alt=\"\" srcset=\"https:\/\/mesfrienddisent.com\/wp-content\/uploads\/2024\/10\/Mes-friend-disent-noir-cercle--1024x745.png 1024w, https:\/\/mesfrienddisent.com\/wp-content\/uploads\/2024\/10\/Mes-friend-disent-noir-cercle--300x218.png 300w, https:\/\/mesfrienddisent.com\/wp-content\/uploads\/2024\/10\/Mes-friend-disent-noir-cercle--768x559.png 768w, https:\/\/mesfrienddisent.com\/wp-content\/uploads\/2024\/10\/Mes-friend-disent-noir-cercle--1536x1118.png 1536w, https:\/\/mesfrienddisent.com\/wp-content\/uploads\/2024\/10\/Mes-friend-disent-noir-cercle--2048x1491.png 2048w\" sizes=\"(max-width: 1024px) 100vw, 1024px\" \/>\t\t\t\t\t\t\t\t\t\t\t\t\t\t\t<\/div>\n\t\t\t\t<\/div>\n\t\t\t\t<\/div>\n\t\t<div class=\"elementor-element elementor-element-c5f35e3 e-con-full e-flex e-con e-child\" data-id=\"c5f35e3\" data-element_type=\"container\" data-e-type=\"container\">\n\t\t\t\t<div class=\"elementor-element elementor-element-c431ca4 elementor-invisible elementor-widget elementor-widget-image\" data-id=\"c431ca4\" data-element_type=\"widget\" data-e-type=\"widget\" data-settings=\"{&quot;_animation&quot;:&quot;fadeInLeft&quot;}\" data-widget_type=\"image.default\">\n\t\t\t\t<div class=\"elementor-widget-container\">\n\t\t\t\t\t\t\t\t\t\t\t\t\t\t\t<img decoding=\"async\" width=\"684\" height=\"1024\" src=\"https:\/\/mesfrienddisent.com\/wp-content\/uploads\/2024\/10\/DSC_9101-Modifier-1-684x1024.jpg\" class=\"attachment-large size-large wp-image-1658\" alt=\"\" srcset=\"https:\/\/mesfrienddisent.com\/wp-content\/uploads\/2024\/10\/DSC_9101-Modifier-1-684x1024.jpg 684w, https:\/\/mesfrienddisent.com\/wp-content\/uploads\/2024\/10\/DSC_9101-Modifier-1-200x300.jpg 200w, https:\/\/mesfrienddisent.com\/wp-content\/uploads\/2024\/10\/DSC_9101-Modifier-1-768x1151.jpg 768w, https:\/\/mesfrienddisent.com\/wp-content\/uploads\/2024\/10\/DSC_9101-Modifier-1-1025x1536.jpg 1025w, https:\/\/mesfrienddisent.com\/wp-content\/uploads\/2024\/10\/DSC_9101-Modifier-1.jpg 1335w\" sizes=\"(max-width: 684px) 100vw, 684px\" \/>\t\t\t\t\t\t\t\t\t\t\t\t\t\t\t<\/div>\n\t\t\t\t<\/div>\n\t\t\t\t<\/div>\n\t\t<div class=\"elementor-element elementor-element-c653dd1 e-con-full e-flex elementor-invisible e-con e-child\" data-id=\"c653dd1\" data-element_type=\"container\" data-e-type=\"container\" data-settings=\"{&quot;background_background&quot;:&quot;classic&quot;,&quot;animation&quot;:&quot;fadeInRight&quot;}\">\n\t\t\t\t<div class=\"elementor-element elementor-element-d265e92 elementor-widget elementor-widget-text-editor\" data-id=\"d265e92\" data-element_type=\"widget\" data-e-type=\"widget\" data-widget_type=\"text-editor.default\">\n\t\t\t\t<div class=\"elementor-widget-container\">\n\t\t\t\t\t\t\t\t\t<p>\u00ab\u00a0Le gout et l\u2019e\u0301le\u0301gance au service de votre image de marque.\u00a0\u00bb<\/p>\t\t\t\t\t\t\t\t<\/div>\n\t\t\t\t<\/div>\n\t\t\t\t<div class=\"elementor-element elementor-element-236adfd elementor-widget elementor-widget-image\" data-id=\"236adfd\" data-element_type=\"widget\" data-e-type=\"widget\" data-widget_type=\"image.default\">\n\t\t\t\t<div class=\"elementor-widget-container\">\n\t\t\t\t\t\t\t\t\t\t\t\t\t\t\t<img decoding=\"async\" width=\"1024\" height=\"536\" src=\"https:\/\/mesfrienddisent.com\/wp-content\/uploads\/2024\/10\/Mes-friends-disent-blanc--1024x536.png\" class=\"attachment-large size-large wp-image-1876\" alt=\"\" srcset=\"https:\/\/mesfrienddisent.com\/wp-content\/uploads\/2024\/10\/Mes-friends-disent-blanc--1024x536.png 1024w, https:\/\/mesfrienddisent.com\/wp-content\/uploads\/2024\/10\/Mes-friends-disent-blanc--300x157.png 300w, https:\/\/mesfrienddisent.com\/wp-content\/uploads\/2024\/10\/Mes-friends-disent-blanc--768x402.png 768w, https:\/\/mesfrienddisent.com\/wp-content\/uploads\/2024\/10\/Mes-friends-disent-blanc--1536x804.png 1536w, https:\/\/mesfrienddisent.com\/wp-content\/uploads\/2024\/10\/Mes-friends-disent-blanc--2048x1072.png 2048w\" sizes=\"(max-width: 1024px) 100vw, 1024px\" \/>\t\t\t\t\t\t\t\t\t\t\t\t\t\t\t<\/div>\n\t\t\t\t<\/div>\n\t\t\t\t<\/div>\n\t\t\t\t\t<\/div>\n\t\t\t\t<\/div>\n\t\t<div class=\"elementor-element elementor-element-deecb53 e-flex e-con-boxed e-con e-parent\" data-id=\"deecb53\" data-element_type=\"container\" data-e-type=\"container\" data-settings=\"{&quot;background_background&quot;:&quot;classic&quot;}\">\n\t\t\t\t\t<div class=\"e-con-inner\">\n\t\t<div class=\"elementor-element elementor-element-d391a47 e-con-full e-flex e-con e-child\" data-id=\"d391a47\" data-element_type=\"container\" data-e-type=\"container\">\n\t\t<div class=\"elementor-element elementor-element-350eb64 e-flex e-con-boxed e-con e-child\" data-id=\"350eb64\" data-element_type=\"container\" data-e-type=\"container\" data-settings=\"{&quot;background_background&quot;:&quot;classic&quot;}\">\n\t\t\t\t\t<div class=\"e-con-inner\">\n\t\t\t\t<div class=\"elementor-element elementor-element-cd3b2dd elementor-widget elementor-widget-image\" data-id=\"cd3b2dd\" data-element_type=\"widget\" data-e-type=\"widget\" data-widget_type=\"image.default\">\n\t\t\t\t<div class=\"elementor-widget-container\">\n\t\t\t\t\t\t\t\t\t\t\t\t\t\t\t<img loading=\"lazy\" decoding=\"async\" width=\"87\" height=\"60\" src=\"https:\/\/mesfrienddisent.com\/wp-content\/uploads\/2021\/07\/abstract-symbol.svg\" class=\"attachment-large size-large wp-image-450\" alt=\"\" \/>\t\t\t\t\t\t\t\t\t\t\t\t\t\t\t<\/div>\n\t\t\t\t<\/div>\n\t\t\t\t<div class=\"elementor-element elementor-element-2c58245 elementor-widget elementor-widget-heading\" data-id=\"2c58245\" data-element_type=\"widget\" data-e-type=\"widget\" data-widget_type=\"heading.default\">\n\t\t\t\t<div class=\"elementor-widget-container\">\n\t\t\t\t\t<h2 class=\"elementor-heading-title elementor-size-default\">Nous sommes \u00e0 votre \u00e9coute<\/h2>\t\t\t\t<\/div>\n\t\t\t\t<\/div>\n\t\t\t\t<div class=\"elementor-element elementor-element-81d8825 elementor-widget elementor-widget-text-editor\" data-id=\"81d8825\" data-element_type=\"widget\" data-e-type=\"widget\" data-widget_type=\"text-editor.default\">\n\t\t\t\t<div class=\"elementor-widget-container\">\n\t\t\t\t\t\t\t\t\t<p>\u201cD\u00e9couvrez l&rsquo;univers de \u00ab\u00a0Mes Friend Disent\u00a0\u00bb, o\u00f9 chaque g\u00e2teau est une cr\u00e9ation unique. Demandez votre devis personnalis\u00e9 pour un g\u00e2teau sp\u00e9cialement con\u00e7u avec le logo de votre entreprise. Explorez \u00e9galement nos ateliers de team building pour renforcer les liens de\u00a0votre\u00a0\u00e9quipe. \u201c<\/p>\t\t\t\t\t\t\t\t<\/div>\n\t\t\t\t<\/div>\n\t\t\t\t<div class=\"elementor-element elementor-element-6986724 elementor-align-center elementor-widget elementor-widget-button\" data-id=\"6986724\" data-element_type=\"widget\" data-e-type=\"widget\" data-widget_type=\"button.default\">\n\t\t\t\t<div class=\"elementor-widget-container\">\n\t\t\t\t\t\t\t\t\t<div class=\"elementor-button-wrapper\">\n\t\t\t\t\t<a class=\"elementor-button elementor-button-link elementor-size-xl elementor-animation-pulse\" href=\"https:\/\/mesfrienddisent.com\/?page_id=1788&#038;preview_id=1788&#038;preview_nonce=5034474713&#038;preview=true\">\n\t\t\t\t\t\t<span class=\"elementor-button-content-wrapper\">\n\t\t\t\t\t\t\t\t\t<span class=\"elementor-button-text\">Commander<\/span>\n\t\t\t\t\t<\/span>\n\t\t\t\t\t<\/a>\n\t\t\t\t<\/div>\n\t\t\t\t\t\t\t\t<\/div>\n\t\t\t\t<\/div>\n\t\t\t\t\t<\/div>\n\t\t\t\t<\/div>\n\t\t\t\t<\/div>\n\t\t\t\t\t<\/div>\n\t\t\t\t<\/div>\n\t\t\t\t<\/div>\n\t\t","protected":false},"excerpt":{"rendered":"<p>PROFESSIONNEL Introduction Offrez \u00e0 votre entreprise une touche gourmande et cr\u00e9ative.\u00a0 Que ce soit pour un \u00e9v\u00e9nement professionnel, un s\u00e9minaire ou une activit\u00e9\u00a0de team\u00a0building, je mets mon expertise \u00e0 votre service pour imaginer des douceurs personnalis\u00e9es qui refl\u00e8tent votre image.\u00a0 Ensemble, marquons les esprits avec des instants sucr\u00e9s sur mesure, pens\u00e9s pour s\u2019adapter \u00e0 vos [&hellip;]<\/p>\n","protected":false},"author":1,"featured_media":0,"parent":0,"menu_order":0,"comment_status":"closed","ping_status":"closed","template":"","meta":{"content-type":"","footnotes":""},"class_list":["post-1815","page","type-page","status-publish","hentry"],"blocksy_meta":[],"yoast_head":"<!-- This site is optimized with the Yoast SEO plugin v27.1.1 - https:\/\/yoast.com\/product\/yoast-seo-wordpress\/ -->\n<title>PROFESSIONNELS - Mesfriendisent<\/title>\n<meta name=\"robots\" content=\"index, follow, max-snippet:-1, max-image-preview:large, max-video-preview:-1\" \/>\n<link rel=\"canonical\" href=\"https:\/\/mesfrienddisent.com\/?page_id=1815\" \/>\n<meta property=\"og:locale\" content=\"fr_FR\" \/>\n<meta property=\"og:type\" content=\"article\" \/>\n<meta property=\"og:title\" content=\"PROFESSIONNELS - Mesfriendisent\" \/>\n<meta property=\"og:description\" content=\"PROFESSIONNEL Introduction Offrez \u00e0 votre entreprise une touche gourmande et cr\u00e9ative.\u00a0 Que ce soit pour un \u00e9v\u00e9nement professionnel, un s\u00e9minaire ou une activit\u00e9\u00a0de team\u00a0building, je mets mon expertise \u00e0 votre service pour imaginer des douceurs personnalis\u00e9es qui refl\u00e8tent votre image.\u00a0 Ensemble, marquons les esprits avec des instants sucr\u00e9s sur mesure, pens\u00e9s pour s\u2019adapter \u00e0 vos [&hellip;]\" \/>\n<meta property=\"og:url\" content=\"https:\/\/mesfrienddisent.com\/?page_id=1815\" \/>\n<meta property=\"og:site_name\" content=\"Mesfriendisent\" \/>\n<meta property=\"article:modified_time\" content=\"2026-01-18T16:24:33+00:00\" \/>\n<meta property=\"og:image\" content=\"https:\/\/mesfrienddisent.com\/wp-content\/uploads\/2024\/10\/Mes-friend-disent-noir-cercle-.png\" \/>\n\t<meta property=\"og:image:width\" content=\"5722\" \/>\n\t<meta property=\"og:image:height\" content=\"4165\" \/>\n\t<meta property=\"og:image:type\" content=\"image\/png\" \/>\n<meta name=\"twitter:card\" content=\"summary_large_image\" \/>\n<meta name=\"twitter:label1\" content=\"Dur\u00e9e de lecture estim\u00e9e\" \/>\n\t<meta name=\"twitter:data1\" content=\"2 minutes\" \/>\n<script type=\"application\/ld+json\" class=\"yoast-schema-graph\">{\"@context\":\"https:\/\/schema.org\",\"@graph\":[{\"@type\":\"WebPage\",\"@id\":\"https:\/\/mesfrienddisent.com\/?page_id=1815\",\"url\":\"https:\/\/mesfrienddisent.com\/?page_id=1815\",\"name\":\"PROFESSIONNELS - Mesfriendisent\",\"isPartOf\":{\"@id\":\"https:\/\/mesfrienddisent.com\/#website\"},\"primaryImageOfPage\":{\"@id\":\"https:\/\/mesfrienddisent.com\/?page_id=1815#primaryimage\"},\"image\":{\"@id\":\"https:\/\/mesfrienddisent.com\/?page_id=1815#primaryimage\"},\"thumbnailUrl\":\"https:\/\/mesfrienddisent.com\/wp-content\/uploads\/2024\/10\/Mes-friend-disent-noir-cercle--1024x745.png\",\"datePublished\":\"2024-10-29T08:14:52+00:00\",\"dateModified\":\"2026-01-18T16:24:33+00:00\",\"breadcrumb\":{\"@id\":\"https:\/\/mesfrienddisent.com\/?page_id=1815#breadcrumb\"},\"inLanguage\":\"fr-FR\",\"potentialAction\":[{\"@type\":\"ReadAction\",\"target\":[\"https:\/\/mesfrienddisent.com\/?page_id=1815\"]}]},{\"@type\":\"ImageObject\",\"inLanguage\":\"fr-FR\",\"@id\":\"https:\/\/mesfrienddisent.com\/?page_id=1815#primaryimage\",\"url\":\"https:\/\/mesfrienddisent.com\/wp-content\/uploads\/2024\/10\/Mes-friend-disent-noir-cercle-.png\",\"contentUrl\":\"https:\/\/mesfrienddisent.com\/wp-content\/uploads\/2024\/10\/Mes-friend-disent-noir-cercle-.png\",\"width\":5722,\"height\":4165},{\"@type\":\"BreadcrumbList\",\"@id\":\"https:\/\/mesfrienddisent.com\/?page_id=1815#breadcrumb\",\"itemListElement\":[{\"@type\":\"ListItem\",\"position\":1,\"name\":\"Accueil\",\"item\":\"https:\/\/mesfrienddisent.com\/\"},{\"@type\":\"ListItem\",\"position\":2,\"name\":\"PROFESSIONNELS\"}]},{\"@type\":\"WebSite\",\"@id\":\"https:\/\/mesfrienddisent.com\/#website\",\"url\":\"https:\/\/mesfrienddisent.com\/\",\"name\":\"Mesfriendisent\",\"description\":\"sp\u00e9cialis\u00e9s dans le cake design et la p\u00e2tisserie fine.\",\"publisher\":{\"@id\":\"https:\/\/mesfrienddisent.com\/#organization\"},\"potentialAction\":[{\"@type\":\"SearchAction\",\"target\":{\"@type\":\"EntryPoint\",\"urlTemplate\":\"https:\/\/mesfrienddisent.com\/?s={search_term_string}\"},\"query-input\":{\"@type\":\"PropertyValueSpecification\",\"valueRequired\":true,\"valueName\":\"search_term_string\"}}],\"inLanguage\":\"fr-FR\"},{\"@type\":\"Organization\",\"@id\":\"https:\/\/mesfrienddisent.com\/#organization\",\"name\":\"Mesfriendisent\",\"url\":\"https:\/\/mesfrienddisent.com\/\",\"logo\":{\"@type\":\"ImageObject\",\"inLanguage\":\"fr-FR\",\"@id\":\"https:\/\/mesfrienddisent.com\/#\/schema\/logo\/image\/\",\"url\":\"\",\"contentUrl\":\"\",\"caption\":\"Mesfriendisent\"},\"image\":{\"@id\":\"https:\/\/mesfrienddisent.com\/#\/schema\/logo\/image\/\"}}]}<\/script>\n<!-- \/ Yoast SEO plugin. -->","yoast_head_json":{"title":"PROFESSIONNELS - Mesfriendisent","robots":{"index":"index","follow":"follow","max-snippet":"max-snippet:-1","max-image-preview":"max-image-preview:large","max-video-preview":"max-video-preview:-1"},"canonical":"https:\/\/mesfrienddisent.com\/?page_id=1815","og_locale":"fr_FR","og_type":"article","og_title":"PROFESSIONNELS - Mesfriendisent","og_description":"PROFESSIONNEL Introduction Offrez \u00e0 votre entreprise une touche gourmande et cr\u00e9ative.\u00a0 Que ce soit pour un \u00e9v\u00e9nement professionnel, un s\u00e9minaire ou une activit\u00e9\u00a0de team\u00a0building, je mets mon expertise \u00e0 votre service pour imaginer des douceurs personnalis\u00e9es qui refl\u00e8tent votre image.\u00a0 Ensemble, marquons les esprits avec des instants sucr\u00e9s sur mesure, pens\u00e9s pour s\u2019adapter \u00e0 vos [&hellip;]","og_url":"https:\/\/mesfrienddisent.com\/?page_id=1815","og_site_name":"Mesfriendisent","article_modified_time":"2026-01-18T16:24:33+00:00","og_image":[{"width":5722,"height":4165,"url":"https:\/\/mesfrienddisent.com\/wp-content\/uploads\/2024\/10\/Mes-friend-disent-noir-cercle-.png","type":"image\/png"}],"twitter_card":"summary_large_image","twitter_misc":{"Dur\u00e9e de lecture estim\u00e9e":"2 minutes"},"schema":{"@context":"https:\/\/schema.org","@graph":[{"@type":"WebPage","@id":"https:\/\/mesfrienddisent.com\/?page_id=1815","url":"https:\/\/mesfrienddisent.com\/?page_id=1815","name":"PROFESSIONNELS - Mesfriendisent","isPartOf":{"@id":"https:\/\/mesfrienddisent.com\/#website"},"primaryImageOfPage":{"@id":"https:\/\/mesfrienddisent.com\/?page_id=1815#primaryimage"},"image":{"@id":"https:\/\/mesfrienddisent.com\/?page_id=1815#primaryimage"},"thumbnailUrl":"https:\/\/mesfrienddisent.com\/wp-content\/uploads\/2024\/10\/Mes-friend-disent-noir-cercle--1024x745.png","datePublished":"2024-10-29T08:14:52+00:00","dateModified":"2026-01-18T16:24:33+00:00","breadcrumb":{"@id":"https:\/\/mesfrienddisent.com\/?page_id=1815#breadcrumb"},"inLanguage":"fr-FR","potentialAction":[{"@type":"ReadAction","target":["https:\/\/mesfrienddisent.com\/?page_id=1815"]}]},{"@type":"ImageObject","inLanguage":"fr-FR","@id":"https:\/\/mesfrienddisent.com\/?page_id=1815#primaryimage","url":"https:\/\/mesfrienddisent.com\/wp-content\/uploads\/2024\/10\/Mes-friend-disent-noir-cercle-.png","contentUrl":"https:\/\/mesfrienddisent.com\/wp-content\/uploads\/2024\/10\/Mes-friend-disent-noir-cercle-.png","width":5722,"height":4165},{"@type":"BreadcrumbList","@id":"https:\/\/mesfrienddisent.com\/?page_id=1815#breadcrumb","itemListElement":[{"@type":"ListItem","position":1,"name":"Accueil","item":"https:\/\/mesfrienddisent.com\/"},{"@type":"ListItem","position":2,"name":"PROFESSIONNELS"}]},{"@type":"WebSite","@id":"https:\/\/mesfrienddisent.com\/#website","url":"https:\/\/mesfrienddisent.com\/","name":"Mesfriendisent","description":"sp\u00e9cialis\u00e9s dans le cake design et la p\u00e2tisserie fine.","publisher":{"@id":"https:\/\/mesfrienddisent.com\/#organization"},"potentialAction":[{"@type":"SearchAction","target":{"@type":"EntryPoint","urlTemplate":"https:\/\/mesfrienddisent.com\/?s={search_term_string}"},"query-input":{"@type":"PropertyValueSpecification","valueRequired":true,"valueName":"search_term_string"}}],"inLanguage":"fr-FR"},{"@type":"Organization","@id":"https:\/\/mesfrienddisent.com\/#organization","name":"Mesfriendisent","url":"https:\/\/mesfrienddisent.com\/","logo":{"@type":"ImageObject","inLanguage":"fr-FR","@id":"https:\/\/mesfrienddisent.com\/#\/schema\/logo\/image\/","url":"","contentUrl":"","caption":"Mesfriendisent"},"image":{"@id":"https:\/\/mesfrienddisent.com\/#\/schema\/logo\/image\/"}}]}},"_links":{"self":[{"href":"https:\/\/mesfrienddisent.com\/index.php?rest_route=\/wp\/v2\/pages\/1815","targetHints":{"allow":["GET"]}}],"collection":[{"href":"https:\/\/mesfrienddisent.com\/index.php?rest_route=\/wp\/v2\/pages"}],"about":[{"href":"https:\/\/mesfrienddisent.com\/index.php?rest_route=\/wp\/v2\/types\/page"}],"author":[{"embeddable":true,"href":"https:\/\/mesfrienddisent.com\/index.php?rest_route=\/wp\/v2\/users\/1"}],"replies":[{"embeddable":true,"href":"https:\/\/mesfrienddisent.com\/index.php?rest_route=%2Fwp%2Fv2%2Fcomments&post=1815"}],"version-history":[{"count":61,"href":"https:\/\/mesfrienddisent.com\/index.php?rest_route=\/wp\/v2\/pages\/1815\/revisions"}],"predecessor-version":[{"id":3762,"href":"https:\/\/mesfrienddisent.com\/index.php?rest_route=\/wp\/v2\/pages\/1815\/revisions\/3762"}],"wp:attachment":[{"href":"https:\/\/mesfrienddisent.com\/index.php?rest_route=%2Fwp%2Fv2%2Fmedia&parent=1815"}],"curies":[{"name":"wp","href":"https:\/\/api.w.org\/{rel}","templated":true}]}}